
{"id":479,"date":"2023-11-30T10:23:47","date_gmt":"2023-11-30T09:23:47","guid":{"rendered":"https:\/\/rumex.mendelu.cz\/valid\/?page_id=479"},"modified":"2023-11-30T10:23:47","modified_gmt":"2023-11-30T09:23:47","slug":"universitat-fur-bodenkultur-wien-institut-fur-holztechnologie-und-nachwachsende-rohstoffe","status":"publish","type":"page","link":"https:\/\/valid.ldf.mendelu.cz\/?page_id=479","title":{"rendered":"Universit\u00e4t f\u00fcr Bodenkultur Wien, Institut f\u00fcr Holztechnologie und Nachwachsende Rohstoffe \u00a0"},"content":{"rendered":"\n<p>Odd\u011blen\u00ed \u201eTechnologie p\u0159\u00edrodn\u00edch l\u00e1tek\u201c na <a href=\"https:\/\/boku.ac.at\/map\/holztechnologie\">\u00dastavu d\u0159eva\u0159sk\u00fdch technologi\u00ed<\/a> se ji\u017e n\u011bkolik let v\u011bnuje t\u00e9matu v\u00edcen\u00e1sobn\u00e9ho materi\u00e1lov\u00e9ho vyu\u017eit\u00ed biogenn\u00edch surovin a odpad\u016f. V\u00fdsledky jsou publikov\u00e1ny na mezin\u00e1rodn\u00ed \u00farovni, prezentov\u00e1ny na konferenc\u00edch a jsou tak\u00e9 sou\u010d\u00e1st\u00ed akademick\u00fdch prac\u00ed (diplomov\u00e9 a diserta\u010dn\u00ed pr\u00e1ce). Mezi speci\u00e1ln\u00ed kompetence pat\u0159\u00ed ot\u00e1zky \u017eivotn\u00edho prost\u0159ed\u00ed v d\u0159eva\u0159sk\u00e9m pr\u016fmyslu, jako je v\u00fdvoj nov\u00fdch bezpra\u0161n\u00fdch d\u0159eva\u0159sk\u00fdch technologi\u00ed (a\u017e po f\u00e1zi uveden\u00ed na trh), v\u00fdvoj kompozitn\u00edch materi\u00e1l\u016f na b\u00e1zi d\u0159eva (lepidla na b\u00e1zi ligninu a biotechnologick\u00e9 procesy, vztahy mezi strukturou a vlastnostmi), aplikace biogenn\u00edch polymer\u016f, kompozit\u016f a souvisej\u00edc\u00edch technologi\u00ed zpracov\u00e1n\u00ed.<\/p>\n\n\n<div class=\"wp-block-image\">\n<figure class=\"aligncenter\"><a href=\"https:\/\/boku.ac.at\/map\/holztechnologie\" target=\"_blank\" rel=\"noreferrer noopener\"><img loading=\"lazy\" decoding=\"async\" width=\"300\" height=\"300\" src=\"https:\/\/rumex.mendelu.cz\/valid\/wp-content\/uploads\/2020\/04\/Boku-wien.svg_-300x300.png\" alt=\"\" class=\"wp-image-435\" srcset=\"https:\/\/valid.ldf.mendelu.cz\/wp-content\/uploads\/2020\/04\/Boku-wien.svg_-300x300.png 300w, https:\/\/valid.ldf.mendelu.cz\/wp-content\/uploads\/2020\/04\/Boku-wien.svg_-150x150.png 150w, https:\/\/valid.ldf.mendelu.cz\/wp-content\/uploads\/2020\/04\/Boku-wien.svg_-768x768.png 768w, https:\/\/valid.ldf.mendelu.cz\/wp-content\/uploads\/2020\/04\/Boku-wien.svg_.png 1024w\" sizes=\"auto, (max-width: 300px) 100vw, 300px\" \/><\/a><\/figure>\n<\/div>","protected":false},"excerpt":{"rendered":"<p>Odd\u011blen\u00ed \u201eTechnologie p\u0159\u00edrodn\u00edch l\u00e1tek\u201c na \u00dastavu d\u0159eva\u0159sk\u00fdch technologi\u00ed se ji\u017e n\u011bkolik let v\u011bnuje t\u00e9matu v\u00edcen\u00e1sobn\u00e9ho materi\u00e1lov\u00e9ho vyu\u017eit\u00ed biogenn\u00edch surovin a odpad\u016f. V\u00fdsledky jsou publikov\u00e1ny na mezin\u00e1rodn\u00ed \u00farovni, prezentov\u00e1ny na konferenc\u00edch a jsou tak\u00e9 sou\u010d\u00e1st\u00ed akademick\u00fdch prac\u00ed (diplomov\u00e9 a diserta\u010dn\u00ed pr\u00e1ce)&#8230;.<br \/><a class=\"read-more-button\" href=\"https:\/\/valid.ldf.mendelu.cz\/?page_id=479\">\u010c\u00edst v\u00edce<\/a><\/p>\n","protected":false},"author":4,"featured_media":0,"parent":0,"menu_order":0,"comment_status":"closed","ping_status":"closed","template":"","meta":{"_exactmetrics_skip_tracking":false,"_exactmetrics_sitenote_active":false,"_exactmetrics_sitenote_note":"","_exactmetrics_sitenote_category":0,"footnotes":""},"class_list":["post-479","page","type-page","status-publish","hentry"],"_links":{"self":[{"href":"https:\/\/valid.ldf.mendelu.cz\/index.php?rest_route=\/wp\/v2\/pages\/479","targetHints":{"allow":["GET"]}}],"collection":[{"href":"https:\/\/valid.ldf.mendelu.cz\/index.php?rest_route=\/wp\/v2\/pages"}],"about":[{"href":"https:\/\/valid.ldf.mendelu.cz\/index.php?rest_route=\/wp\/v2\/types\/page"}],"author":[{"embeddable":true,"href":"https:\/\/valid.ldf.mendelu.cz\/index.php?rest_route=\/wp\/v2\/users\/4"}],"replies":[{"embeddable":true,"href":"https:\/\/valid.ldf.mendelu.cz\/index.php?rest_route=%2Fwp%2Fv2%2Fcomments&post=479"}],"version-history":[{"count":1,"href":"https:\/\/valid.ldf.mendelu.cz\/index.php?rest_route=\/wp\/v2\/pages\/479\/revisions"}],"predecessor-version":[{"id":481,"href":"https:\/\/valid.ldf.mendelu.cz\/index.php?rest_route=\/wp\/v2\/pages\/479\/revisions\/481"}],"wp:attachment":[{"href":"https:\/\/valid.ldf.mendelu.cz\/index.php?rest_route=%2Fwp%2Fv2%2Fmedia&parent=479"}],"curies":[{"name":"wp","href":"https:\/\/api.w.org\/{rel}","templated":true}]}}