
{"id":482,"date":"2023-11-30T10:24:55","date_gmt":"2023-11-30T09:24:55","guid":{"rendered":"https:\/\/rumex.mendelu.cz\/valid\/?page_id=482"},"modified":"2023-11-30T10:24:55","modified_gmt":"2023-11-30T09:24:55","slug":"mendelova-univerzita-v-brne-lesnicka-a-drevarska-fakulta-ustav-nauky-o-dreve-a-drevarskych-technologii","status":"publish","type":"page","link":"https:\/\/valid.ldf.mendelu.cz\/?page_id=482","title":{"rendered":"Mendelova univerzita v Brn\u011b, Lesnick\u00e1 a d\u0159eva\u0159sk\u00e1 fakulta, \u00dastav nauky o d\u0159ev\u011b a d\u0159eva\u0159sk\u00fdch technologi\u00ed"},"content":{"rendered":"\n<p>V r\u00e1mci sv\u00e9 v\u00fdzkumn\u00e9 a vzd\u011bl\u00e1vac\u00ed \u010dinnosti se \u00fastav zam\u011b\u0159uje p\u0159edev\u0161\u00edm na anal\u00fdzu struktury a ur\u010dov\u00e1n\u00ed druhu d\u0159eva, dendrochronologii, sledov\u00e1n\u00ed proces\u016f tvorby d\u0159eva, fyzik\u00e1ln\u00ed a mechanick\u00e9 vlastnosti, modelov\u00e1n\u00ed chov\u00e1n\u00ed d\u0159eva a jeho interakce s fyzik\u00e1ln\u00edmi poli, procesy degradace d\u0159eva, jeho ochranu a konzervaci, su\u0161en\u00ed a modifikaci d\u0159eva, biomechaniku stromu, obr\u00e1b\u011bn\u00ed d\u0159eva\u0159sk\u00fdch materi\u00e1l\u016f, v\u00fdvoj nov\u00fdch kompozitn\u00edch materi\u00e1l\u016f na b\u00e1zi d\u0159eva, pila\u0159skou v\u00fdrobu, stavebn\u00ed truhl\u00e1\u0159stv\u00ed, d\u0159ev\u011bn\u00e9 konstrukce a stavby na b\u00e1zi d\u0159eva. V\u00fdzkumn\u00e9 a pedagogick\u00e9 aktivity jsou realizov\u00e1ny ve V\u00fdzkumn\u00e9m centru Josefa Ressla (VCJR) v \u00dat\u011bchov\u011b. Od roku 2015 jsou zde lokalizov\u00e1ny laborato\u0159e pro v\u00fduku a v\u00fdzkum se zam\u011b\u0159en\u00edm na d\u0159evo jako obnovitelnou surovinu. Nov\u011b navr\u017een\u00e9 technologie, materi\u00e1ly, polotovary, v\u00fdrobky nebo jejich \u010d\u00e1sti mohou b\u00fdt d\u00edky speci\u00e1ln\u00edmu vybaven\u00ed laborato\u0159\u00ed VCJR podrobn\u011b zkoum\u00e1ny a upravov\u00e1ny.<\/p>\n\n\n\n<p>Mezi aktu\u00e1ln\u011b \u0159e\u0161enou problematiku pat\u0159\u00ed tak\u00e9 v\u00fdvoj kompozit\u016f \u0161etrn\u00fdch k \u017eivotn\u00edmu prost\u0159ed\u00ed a optimalizace konkr\u00e9tn\u00edch fyzik\u00e1ln\u00edch a \/ nebo mechanick\u00fdch vlastnost\u00ed rostl\u00e9ho d\u0159eva s ohledem na jeho uplatn\u011bn\u00ed pro specifickou aplikaci.<\/p>\n\n\n\n<p><\/p>\n\n\n<div class=\"wp-block-image\">\n<figure class=\"aligncenter\"><a href=\"http:\/\/mendelu.cz\/en\/\" target=\"_blank\" rel=\"noreferrer noopener\"><img loading=\"lazy\" decoding=\"async\" width=\"300\" height=\"219\" src=\"https:\/\/rumex.mendelu.cz\/valid\/wp-content\/uploads\/2020\/04\/mendel_university_logo-eng_cmyk_0-300x219.jpg\" alt=\"\" class=\"wp-image-441\" srcset=\"https:\/\/valid.ldf.mendelu.cz\/wp-content\/uploads\/2020\/04\/mendel_university_logo-eng_cmyk_0-300x219.jpg 300w, https:\/\/valid.ldf.mendelu.cz\/wp-content\/uploads\/2020\/04\/mendel_university_logo-eng_cmyk_0.jpg 447w\" sizes=\"auto, (max-width: 300px) 100vw, 300px\" \/><\/a><\/figure>\n<\/div>","protected":false},"excerpt":{"rendered":"<p>V r\u00e1mci sv\u00e9 v\u00fdzkumn\u00e9 a vzd\u011bl\u00e1vac\u00ed \u010dinnosti se \u00fastav zam\u011b\u0159uje p\u0159edev\u0161\u00edm na anal\u00fdzu struktury a ur\u010dov\u00e1n\u00ed druhu d\u0159eva, dendrochronologii, sledov\u00e1n\u00ed proces\u016f tvorby d\u0159eva, fyzik\u00e1ln\u00ed a mechanick\u00e9 vlastnosti, modelov\u00e1n\u00ed chov\u00e1n\u00ed d\u0159eva a jeho interakce s fyzik\u00e1ln\u00edmi poli, procesy degradace d\u0159eva, jeho&#8230;<br \/><a class=\"read-more-button\" href=\"https:\/\/valid.ldf.mendelu.cz\/?page_id=482\">\u010c\u00edst v\u00edce<\/a><\/p>\n","protected":false},"author":4,"featured_media":0,"parent":0,"menu_order":0,"comment_status":"closed","ping_status":"closed","template":"","meta":{"_exactmetrics_skip_tracking":false,"_exactmetrics_sitenote_active":false,"_exactmetrics_sitenote_note":"","_exactmetrics_sitenote_category":0,"footnotes":""},"class_list":["post-482","page","type-page","status-publish","hentry"],"_links":{"self":[{"href":"https:\/\/valid.ldf.mendelu.cz\/index.php?rest_route=\/wp\/v2\/pages\/482","targetHints":{"allow":["GET"]}}],"collection":[{"href":"https:\/\/valid.ldf.mendelu.cz\/index.php?rest_route=\/wp\/v2\/pages"}],"about":[{"href":"https:\/\/valid.ldf.mendelu.cz\/index.php?rest_route=\/wp\/v2\/types\/page"}],"author":[{"embeddable":true,"href":"https:\/\/valid.ldf.mendelu.cz\/index.php?rest_route=\/wp\/v2\/users\/4"}],"replies":[{"embeddable":true,"href":"https:\/\/valid.ldf.mendelu.cz\/index.php?rest_route=%2Fwp%2Fv2%2Fcomments&post=482"}],"version-history":[{"count":1,"href":"https:\/\/valid.ldf.mendelu.cz\/index.php?rest_route=\/wp\/v2\/pages\/482\/revisions"}],"predecessor-version":[{"id":484,"href":"https:\/\/valid.ldf.mendelu.cz\/index.php?rest_route=\/wp\/v2\/pages\/482\/revisions\/484"}],"wp:attachment":[{"href":"https:\/\/valid.ldf.mendelu.cz\/index.php?rest_route=%2Fwp%2Fv2%2Fmedia&parent=482"}],"curies":[{"name":"wp","href":"https:\/\/api.w.org\/{rel}","templated":true}]}}